
262
What is the remainder when 1359848 is divided by 1681?
1600
What is the remainder when 328543 is divided by 8431?
8165
What is the remainder when 411357 is divided by 9?
3
Calculate the remainder when 17153670 is divided by 395.
5
What is the remainder when 846687 is divided by 177?
96
What is the remainder when 1224327 is divided by 203520?
3207
What is the remainder when 182899 is divided by 91439?
21
Calculate the remainder when 54846 is divided by 2382.
60
What is the remainder when 769737238 is divided by 7?
4
Calculate the remainder when 533713 is divided by 266850.
13
What is the remainder when 626357321 is divided by 285?
281
What is the remainder when 5830632 is divided by 206?
8
What is the remainder when 1606 is divided by 531?
13
What is the remainder when 1101931 is divided by 1085?
656
Calculate the remainder when 986335 is divided by 6203.
58
Calculate the remainder when 246875 is divided by 2545.
10
Calculate the remainder when 137708 is divided by 901.
756
What is the remainder when 18420576 is divided by 2631510?
6
What is the remainder when 1462757 is divided by 1543?
1536
What is the remainder when 2319520 is divided by 6120?
40
What is the remainder when 253522 is divided by 1377?
154
Calculate the remainder when 4017427 is divided by 4760.
4747
What is the remainder when 17735922 is divided by 25?
22
Calculate the remainder when 860260 is divided by 141.
19
What is the remainder when 45010368 is divided by 688?
32
What is the remainder when 115816 is divided by 38193?
1237
Calculate the remainder when 21310467 is divided by 9.
6
Calculate the remainder when 79058282 is divided by 3162331.
7
Calculate the remainder when 2529423 is divided by 2099.
128
What is the remainder when 3024231 is divided by 94506?
39
What is the remainder when 237041372 is divided by 79013786?
14
What is the remainder when 25202887 is divided by 1907?
1882
Calculate the remainder when 326845 is divided by 36308.
73
What is the remainder when 174673 is divided by 286?
213
What is the remainder when 1861289 is divided by 204?
197
What is the remainder when 61793079 is divided by 5149420?
39
What is the remainder when 392668 is divided by 2690?
2618
What is the remainder when 234010596 is divided by 58502648?
4
Calculate the remainder when 693515 is divided by 46230.
65
Calculate the remainder when 870956 is divided by 51.
29
What is the remainder when 19044073 is divided by 9522023?
27
What is the remainder when 17416842 is divided by 818?
804
What is the remainder when 11599 is divided by 10824?
775
Calculate the remainder when 304448 is divided by 6153.
2951
What is the remainder when 768007 is divided by 156?
19
Calculate the remainder when 18929881 is divided by 9464930.
21
Calculate the remainder when 163201 is divided by 4111.
2872
Calculate the remainder when 2383936 is divided by 469.
9
Calculate the remainder when 269646732 is divided by 934.
932
Calculate the remainder when 317998 is divided by 62.
0
Calculate the remainder when 15922460 is divided by 430.
420
Calculate the remainder when 135480 is divided by 45120.
120
What is the remainder when 1219565 is divided by 38106?
173
What is the remainder when 121010602 is divided by 1261?
1259
Calculate the remainder when 680947 is divided by 2115.
2032
Calculate the remainder when 2556074 is divided by 25.
24
What is the remainder when 1632400 is divided by 2165?
2155
Calculate the remainder when 485860 is divided by 1985.
1520
Calculate the remainder when 332199 is divided by 43.
24
Calculate the remainder when 7169665 is divided by 1943.
1938
What is the remainder when 81980 is divided by 2099?
119
Calculate the remainder when 75133 is divided by 5618.
2099
What is the remainder when 262029 is divided by 43654?
105
Calculate the remainder when 166204 is divided by 613.
81
What is the remainder when 5271547 is divided by 2248?
2235
Calculate the remainder when 521007 is divided by 498.
99
What is the remainder when 1290621 is divided by 86?
19
Calculate the remainder when 600102 is divided by 10716.
6
What is the remainder when 83808 is divided by 1216?
1120
Calculate the remainder when 23892500 is divided by 35.
30
Calculate the remainder when 186178 is divided by 20650.
328
What is the remainder when 286929192 is divided by 223?
221
What is the remainder when 10112898 is divided by 160522?
12
Calculate the remainder when 26984914 is divided by 1148.
26
Calculate the remainder when 103035960 is divided by 7065.
0
What is the remainder when 2693856 is divided by 299317?
3
What is the remainder when 21466762 is divided by 173119?
6
Calculate the remainder when 11153113 is divided by 610.
483
Calculate the remainder when 19240370 is divided by 1993.
1941
What is the remainder when 5418843 is divided by 1717?
1708
What is the remainder when 5291112 is divided by 36?
12
Calculate the remainder when 205314 is divided by 22728.
762
Calculate the remainder when 94835 is divided by 5483.
1624
What is the remainder when 421231 is divided by 421218?
13
Calculate the remainder when 2892869 is divided by 681.
662
What is the remainder when 167304 is divided by 82646?
2012
What is the remainder when 596100 is divided by 42577?
22
What is the remainder when 327954 is divided by 163672?
610
What is the remainder when 1315784 is divided by 4372?
4184
Calculate the remainder when 16455177 is divided by 580.
577
Calculate the remainder when 28081095 is divided by 270.
15
Calculate the remainder when 3436638 is divided by 408.
54
What is the remainder when 14734325 is divided by 226680?
125
Calculate the remainder when 227416 is divided by 4678.
2872
Calculate the remainder when 146257 is divided by 57.
52
Calculate the remainder when 189536998 is divided by 50.
48
What is the remainder when 37304 is divided by 18579?
146
Calculate the remainder when 923606 is divided by 6162.
5468
Calculate the remainder when 418889 is divided by 19039.
31
What is the remainder when 222722 is divided by 14217?
9467
What is the remainder when 30373392 is divided by 810?
12
What is the remainder when 23489 is divided by 23121?
368
What is the remainder when 39765 is divided by 5?
0
Calculate the remainder when 40832105 is divided by 818.
817
What is the remainder when 8159762 is divided by 202?
174
What is the remainder when 21449 is divided by 1025?
949
What is the remainder when 7693831 is divided by 80144?
7
Calculate the remainder when 431247775 is divided by 21.
7
Calculate the remainder when 76642528 is divided by 38826.
4
Calculate the remainder when 882933 is divided by 754.
753
Calculate the remainder when 825294 is divided by 5731.
30
Calculate the remainder when 3062438 is divided by 816.
806
Calculate the remainder when 30966278 is divided by 694.
692
Calculate the remainder when 91451 is divided by 2970.
2351
What is the remainder when 77982 is divided by 197?
167
Calculate the remainder when 1545130 is divided by 426.
28
What is the remainder when 812273 is divided by 1207?
1169
What is the remainder when 29183840 is divided by 32283?
8
What is the remainder when 9191091 is divided by 127?
101
What is the remainder when 369632 is divided by 1821?
1790
What is the remainder when 144807843 is divided by 11?
4
What is the remainder when 1498511 is divided by 1355?
1236
What is the remainder when 79589199 is divided by 34499?
6
What is the remainder when 35348034 is divided by 728?
722
Calculate the remainder when 79802222 is divided by 4433456.
14
What is the remainder when 7222480 is divided by 1805600?
80
What is the remainder when 1966801 is divided by 3468?
445
What is the remainder when 301619 is divided by 4372?
4323
What is the remainder when 3689298 is divided by 1728?
18
What is the remainder when 1354020 is divided by 355?
50
Calculate the remainder when 29408 is divided by 369.
257
What is the remainder when 141702 is divided by 1090?
2
What is the remainder when 320046 is divided by 318893?
1153
What is the remainder when 367048474 is divided by 6783?
6778
What is the remainder when 845743 is divided by 422828?
87
What is the remainder when 57744131 is divided by 80?
51
What is the remainder when 15291905 is divided by 468?
5
Calculate the remainder when 31093868 is divided by 502.
490
Calculate